z = -p + 35650, 5 - 25 = 5*z. What is the ten thousands digit of p?
3
What is the hundreds digit of 10/50*5*13355?
3
What is the tens digit of (4 + -4 - -2) + 33 + 5986?
2
Let m be (6 + -3)/((-2)/(-4)). Let x = 514 - 359. Suppose -h = -m*h + x. What is the tens digit of h?
3
Let j = -5544 + 5653. What is the units digit of j?
9
Let v(m) = m**3 + 12*m**2 - 14*m - 6. Let c be v(-13). Suppose 5*w + 2*n = 121, -c = -n - 4. Suppose -2*q = -w - 215. What is the tens digit of q?
1
What is the hundreds digit of -545*(19 - 22 - 56)?
1
Let w = 29 - 15. Let b(q) = -w + 9*q - q**2 - 13*q + 23*q. What is the units digit of b(8)?
4
Let m(s) be the second derivative of s**4/4 + 5*s**3/3 - 83*s**2/2 + 9*s + 9. What is the tens digit of m(9)?
5
Suppose -3*k + 22918 = p, -4*k - 290*p + 30564 = -287*p. What is the units digit of k?
8
Suppose 5*x - 25*y = -26*y + 34857, -4*x = -y - 27882. What is the tens digit of x?
7
Let r(g) = -g**2 - 8*g + 8. Let n be -1 + -8 + -4*(-6)/8. Let m be r(n). Let i = m + 76. What is the tens digit of i?
9
Suppose 6*y = 11*y - 710. Suppose c + y = 4*c + 5*v, 4*c - 3*v - 199 = 0. What is the units digit of 6/12*c*4?
8
Suppose -20*o = -28*o + 168. What is the tens digit of 1869*(20/o + (-4)/14)?
4
Let l(u) = -4*u**3 + 7*u**2 + 31*u - 15. What is the tens digit of l(-10)?
7
Let o = -15043 - -21466. What is the tens digit of o?
2
Suppose -2*j - 74 = -3*p - 260, -86 = -j + 5*p. What is the thousands digit of 12/(j/56) - -1814?
1
Suppose -2781*y + 2782*y - 4803 = 0. What is the units digit of y?
3
Suppose -5*q - 5*m + 11355 = 0, -3*q + 11358 = 2*q + 2*m. Suppose -3784 - q = -4*w. What is the thousands digit of w?
1
Let w(z) = 9*z**2 - 5*z - 6. Let p be (-8)/(-16)*-1 + (-2)/4. Let d be w(p). Let y(o) = 3*o**2 + o - 7. What is the tens digit of y(d)?
9
Let f(h) = 9*h**2 - 7*h - 16. Let l be f(-8). Let q(i) = 8*i - 5. Let c be q(3). Suppose -l = 15*x - c*x. What is the hundreds digit of x?
1
Suppose 55 = 11*n - 506. Let v be ((-17)/n)/((-2)/6). Let j(w) = 250*w**3 - 2*w**2 + 3*w - 2. What is the units digit of j(v)?
9
Let b(t) = 17*t**2 + 8*t - 10. Let r be b(1). Let p = -3 + 47. Let i = p - r. What is the units digit of i?
9
What is the ten thousands digit of (-527132)/(-24) - 44/(-264)?
2
Let a = 59 - 53. Let s be 3*29 - ((-18)/a)/(-3). Suppose 0 = -4*b - 18 + s. What is the units digit of b?
7
Let a = 543 + 327. Suppose 1057*l + a = 1062*l. What is the tens digit of l?
7
Suppose w + 0 - 7 = 0. Let g(p) = -p**2 + 9*p - 4. Let a be g(w). Let i = 133 + a. What is the tens digit of i?
4
Let v(s) = s**3 - 2*s**2 + 5*s - 5. Let y be 0 + (-4 + 4 - -2). Let k be v(y). Suppose 26 = i - 0*h + 3*h, 5*i - k*h = 50. What is the units digit of i?
4
Suppose -8286 = -x + 5*f, 2*x - 246*f - 16497 = -251*f. What is the units digit of x?
1
Suppose 25*x + 12*x - 3108 = 0. Let c = 277 + x. What is the hundreds digit of c?
3
Let u(x) = 931*x**3 + 10*x**2 + 92*x - 347. What is the tens digit of u(3)?
5
Let m(d) = d**3 - 8*d + 3. Suppose w + 56 = 5*w. Suppose w = -3*u + 29. What is the units digit of m(u)?
8
Let p(s) = -5*s**2 - 40*s + 8. Let x be p(-7). Suppose -61*q = -x*q - 12528. What is the hundreds digit of q?
6
Suppose -31*b - 6*b - 348624 = -1079818. What is the thousands digit of b?
9
Let u be (6 + 216/(-30))*(-265)/2. Let q(n) = n**2 - 7*n - 5. Let f be q(8). Suppose 4*l - 2*g = 230, 0*l + 3*l - u = -f*g. What is the tens digit of l?
5
Let s(j) = -j**3 + 7*j**2 - 4*j + 26. Let b be s(5). Let x = 60 + b. What is the units digit of x?
6
Let l = 1297 - 808. Let z = -336 + l. What is the units digit of z?
3
Let b(r) = 68*r**2 + 36*r + 195. What is the tens digit of b(-12)?
5
Let d be (-30)/5*3/(-6). Suppose d*i - 2118 = -2*n, 3*i + 1304 = -5*n + 3431. What is the units digit of i?
4
Suppose 1000 = 13*h - 1041. Suppose 0 = 5*c - 1008 - h. What is the units digit of c?
3
Let l(u) = u**3 + 14*u**2 - u + 3. Let d be l(-14). Suppose 0*r + 4131 = d*r. What is the units digit of r?
3
Let w(f) = -70*f + 1145. What is the thousands digit of w(-57)?
5
Let t(r) = 75*r + 11. Let w be ((-12)/6)/((-10)/85). What is the thousands digit of t(w)?
1
Let g(y) be the third derivative of -1/6*y**4 + 1/120*y**6 + 0 + 18*y**2 + 95/3*y**3 + 0*y + 1/60*y**5. What is the tens digit of g(0)?
9
Suppose t - 13502 - 6588 = -5*c, 4*t = -5*c + 20090. Let b = -2051 + c. What is the tens digit of b?
6
Suppose 4*v + 2*a + 450 = 0, -6*v - 105 = -5*v - 2*a. Let b = -334 - -514. Let i = b + v. What is the tens digit of i?
6
Suppose -3*p = r + 153, -5*p + 3*r + r = 272. Let t = 56 + p. What is the tens digit of (2 + 15)*(-2)/t*-10?
8
Let h = 31 - 27. Suppose -h*p = 3 - 7. What is the units digit of 61/3 - p/3?
0
Let w = 3951 - 2970. What is the hundreds digit of w?
9
Suppose -15*u = -9*u - 42. Suppose 3*b - 654 = -u*r + 4*r, 0 = -3*r - 2*b + 652. Let m = -114 + r. What is the hundreds digit of m?
1
Let h(c) = 4*c**3 + 5*c - 4. Let l be h(1). Suppose -g - 271 = 2*a - 1606, 673 = a - l*g. What is the tens digit of a?
6
Let w(u) = 16*u - 128. Let r be w(15). What is the units digit of 3/(38/133 - (-10)/r)?
8
Suppose -2*t - t + 57992 = t - 3*s, -5*s = 0. What is the ten thousands digit of t?
1
Suppose 49*v - 175 = 266. Let j(o) be the first derivative of -o**3/3 + 4*o**2 + 19*o + 1. What is the tens digit of j(v)?
1
Let v = -77 + 21. Let a be 6/(-14) + 200/v. What is the tens digit of (-31)/a*11/((-11)/(-12))?
9
Let w(y) = 1087*y**2 + 23*y - 172. What is the hundreds digit of w(6)?
0
Let y(t) = -8*t + 6. Let v be y(1). Let k be (15 - 3)*(v - (-5)/2). Suppose f = 4*m - 100, 3*f + 66 = -3*m + k*m. What is the units digit of m?
6
Let r(v) = 25*v**2 - 8*v + 1. Let c be r(-6). Let l = -475 + c. Suppose -7*z + 639 = -l. What is the units digit of z?
9
Suppose 61 = 2*a - z, -2*z + 152 = 4*a + 26. Suppose -31*t = a*t - 39494. What is the tens digit of t?
3
Suppose 23782 = g - 3*k, -4*g - 28*k + 31*k = -95155. What is the tens digit of g?
9
Suppose 5*w - o = 2, 0 = w + 6*o - 7*o + 2. Suppose 0*x - x = -w, -4*x + 3534 = 5*l. What is the tens digit of l?
0
What is the hundreds digit of 1248/(-52)*11289/(-12)?
5
Let p(a) be the first derivative of -3*a**2/2 + 11*a - 1. Let v be ((-1078)/14)/11*(-2)/(-2). What is the units digit of p(v)?
2
Let m(n) = -12*n - 13 + n**2 + 1 - 7 + 0*n**2. Let b be m(14). Suppose 375 = 3*f + b. What is the hundreds digit of f?
1
Suppose 221*r + 17995287 + 11509353 = 661*r. What is the ten thousands digit of r?
6
What is the ten thousands digit of (-25 + (-74)/(-3))*16466*-3?
1
Let w = 1358 - -2056. What is the units digit of w?
4
Let b be -22*(-1 + 4/8)*3. What is the hundreds digit of b/(-2*9/(-168))?
3
Let y(d) = 3*d + 16. Let q be y(0). Let b(o) = o**3 - 16*o**2 + 28. What is the tens digit of b(q)?
2
Suppose 0 = 5*h + 35 + 5. Let g(q) = -3*q**3 - 10*q**2 + 3*q + 4. Let p be g(h). Suppose 0 = -8*j + 140 + p. What is the tens digit of j?
2
Let a(t) = -t**3 + 5*t**2 - 8*t + 12. Let z be a(4). Let h be -4 - 4*z/(-4). What is the hundreds digit of (1 + h)*(-27 - -4)?
1
Suppose -74980*n = -74960*n - 1018500. What is the units digit of n?
5
Let d be (4 + -3)/(3/39). Suppose 0*i = 3*x - i - 14, d = x - 2*i. What is the hundreds digit of 3 - (-109 + (-2 - (2 - x)))?
1
What is the thousands digit of (641 - 0)/(59/354)?
3
Let n = 11793 + -7785. What is the hundreds digit of n?
0
Let m(p) be the second derivative of p**6/90 - p**5/20 - p**4/3 + 2*p**3 - 20*p. Let n(v) be the second derivative of m(v). What is the hundreds digit of n(7)?
1
Suppose 0 = 2*j - 5*z - 9351, -4*j = 2*z - 16150 - 2492. What is the units digit of j?
3
Let g = -27 + -12. Let d be (-1 - -3) + 2 + g. What is the units digit of 30*(d/(-2))/7?
5
Let c(d) = 59*d**2 - 133*d + 42. What is the tens digit of c(-10)?
7
Let m(u) = u**3 - u**2 + 5. Let l be m(0). Suppose -l*n + 822 = 47. What is the units digit of n?
5
Let l(c) = 5*c**2 + 7*c + 17. Let x be l(21). Suppose 3*u - 5*z - 1429 = 0, 0 = -0*u - 5*u + 2*z + x. What is the units digit of u?
3
Let a(z) = z**2 + 43*z - 167. Let q be a(4). Suppose q*d - 23*d = 5*n - 882, 3*d - 5*n = 1323. What is the tens digit of d?
4
Suppose 114*h = -112752 + 4109478. What is the units digit of h?
9
Let j = -8504 + 27314. What is the thousands digit of j?
8
Suppose 4959 = t + 3*b - 